Calculate 2 + -28 - (-19 + 11 + 1).
-19
-2 + 2 + -4 + -12 + 46
30
What is -19 + (9 - 10 - -1)?
-19
What is the value of -5 + (4 - (-7 - -1) - (8 + 4))?
-7
Calculate 0 + (-64 - -45) + (0 - 3).
-22
What is (51 - 30) + 0 + 4 - (47 - 44)?
22
What is 39 + (-12 - (0 + -3)) + (23 - 21)?
32
What is (13 - 5) + 8 + -4?
12
Evaluate -45 + 39 - (10 - (-2 - (-4 - -3))).
-17
-18 + 16 - ((1 - -5) + -13 - 6)
11
What is the value of -193 + 198 - (16 - 1)?
-10
What is (10 + -6 - (2 - 1)) + -4 + 1?
0
What is the value of -17 + -1 - (50 - (107 + -53))?
-14
Evaluate (1 - (-4 - 20)) + -46.
-21
What is (-3 + -6 - 9) + (10 - 10) + -3?
-21
What is the value of (12 - (8 + -12 + 3)) + 5?
18
(22 - (34 - 9)) + 24
21
(4 - (0 + (-4 - -7))) + (-9 - -1)
-7
Calculate 7 + 1 - ((-10 - -20) + 2 - -7).
-11
What is the value of 3 - (4 + (-3 - (-4 + 11 - 4)))?
5
What is -4 + -33 + (6 - 15 - -8)?
-38
What is 1 - (0 + (1 - 0) + (-67 - -31))?
36
Evaluate (-33 - -4) + 2 - (12 - 12 - -3).
-30
Calculate (12 + -1 - (41 - (-5 + 25))) + 26.
16
Evaluate -1 + 2 + 1 + -7 - (56 - 73).
12
What is -11 + (7 + (-10 - -7) - 0)?
-7
Evaluate -4 + (32 - (8 + (13 - 4))).
11
Calculate -53 - (-11 + -44) - (-1 - 13).
16
What is -6 + 33 + 24 + -64?
-13
-1 + 0 + 27 + 928 + -939
15
(12 - 20) + 13 + (-8 - (-1 - -1))
-3
-2 + (-2 - 1) + (1 - (11 + -8))
-7
Evaluate (17 - 19) + (0 - -7) - (1 + 3).
1
What is the value of 33 + (5 - 12) - 36?
-10
Evaluate (3 - (1 + 4)) + (8 - (-17 + 35)).
-12
(1 - (-11 + (-1 - -2))) + (-8 - -5)
8
What is the value of 1 + 0 + (78 - 40 - 40)?
-1
What is (3 - 14 - -16) + 8 - -12?
25
Calculate 3 + (1 - -4) + 4 - (-23 + 26).
9
Evaluate 3 + 13 + -22 + 7.
1
What is the value of (-14 - (-28 + 7)) + -13 + (5 - 3)?
-4
What is 3 + 2 + 44 + -48 + (1 - -1)?
3
What is (5 - (2 + -8 + -14)) + -2 + -4?
19
-9 - (8 + -18 + 12 + -14)
3
-23 + 3 - -9 - -3
-8
What is the value of -1 - -15 - (-52 + 60)?
6
What is (-10 + 9 + 0 - -3) + -15?
-13
Calculate -9 + (8 - 3) + 0.
-4
-1 + (-5 - (4 - 12)) + 9
11
What is the value of -1 - (1 + -9 + 1 - (90 - 86))?
10
What is the value of 0 + 1 + 1 + 64 + -70?
-4
What is the value of -2 + -5 + (5 - 17) + 7?
-12
Calculate -21 + -10 + (29 - -4).
2
What is -6 - (-2 + (6 - 15) - 9)?
14
Calculate 29 + (-13 + 4 + 8 - 8).
20
Calculate 1 + (10 - 4) + 0 + -17.
-10
What is (17 - 3) + -7 + -8?
-1
What is the value of 15 + (7 - 0 - 8) + 3?
17
What is the value of 27 + -39 + (-24 - -11)?
-25
Calculate 2 + -10 - -4 - (-2 - (1 - -14)).
13
-185 + 193 + (8 - 1)
15
What is (-9 - (8 - 9)) + 1 + -2?
-9
What is the value of (8 + -1 - 4) + (1 + 1 - -5)?
10
What is 4 + 7 - (4 + -11 + 3 + 1)?
14
3 - 0 - (8 - (12 + 3 + -12))
-2
(22 - 41) + (24 - 12)
-7
What is the value of -10 + 0 + 17 + -4 + -1?
2
Calculate 36 + (-4 - 22) - (0 - -11).
-1
What is the value of (11 + -33 - (-7 - -2)) + 5?
-12
Calculate -16 - (-35 + 14 + 9) - (-7 + 1).
2
Evaluate -1 - (-16 - (-30 + -1 + 5)).
-11
Evaluate 3 - 0 - (3 + -16).
16
-12 + 11 + -14 + 12
-3
Calculate -6 - (7 - (3 - 0 - -16)).
6
-3 - (-30 + 3 + -2 + (-67 - -70))
23
Calculate (-38 - -11 - -32) + -5.
0
Calculate 7 - ((-7 - 1) + 0 + -4 + 9).
10
What is the value of (25 - 60 - -39) + (-1 - 28)?
-25
-6 + -1 - (18 - 19) - -10
4
Calculate 0 + (-19 - -8) + -3.
-14
What is the value of (62 - 59) + (15 + -16 - (22 + 1))?
-21
What is the value of (30 - 22) + 31 - 19?
20
Calculate 23 + 11 + -42 - (0 - (-3 + 1)).
-10
Evaluate 1 + 2 + (-373 - -388).
18
What is the value of -2 + 2 + (77 - 77)?
0
What is the value of 5 + -7 + 4 + 9 - 2?
9
Evaluate (-4 - 2) + (-26 - -42 - (24 + -2)).
-12
Evaluate -4 + 30 + -29 + 0 + -2.
-5
What is the value of 23 + 26 - (32 + -7)?
24
Calculate 9 + 0 + 8 + -40 + 25.
2
Calculate 6 - (8 - (8 - 3) - (1 - 8)).
-4
What is 2 + 9 + 14 + (-36 - 7)?
-18
Calculate -2 + 17 - -2 - (-20 + (31 - 14)).
20
Calculate -1 + 4 + 4 + -5 + -4.
-2
Evaluate 3 - 25 - (0 + -10).
-12
Evaluate -20 + 50 + -19 + -6 + -2.
3
Evaluate 3 + -8 + 10 + -41.
-36
(1 - 5) + 4 + 18 + -8
10
-19 + 32 - 18 - 16
-21
Calculate (-14 + 8 - 1) + 33 + -9 + -8.
9
Calculate -3 + (0 - 10) + 11 + -16 + 9.
-9
Evaluate -11 + (6 - -5 - (-31 - -2)).
29
What is (10 - -4) + -3 - (-46 + 40)?
17
Evaluate 1 - (-14 + 18 + -9).
6
What is 0 + (9 - (-8 + 3 + 10)) + 1?
5
Evaluate (63 - 25) + -13 + -47.
-22
What is the value of (14 + -19 - -18) + -49?
-36
Evaluate 16 - ((16 + -23 - (0 - 0)) + 1).
22
What is 2 + (-15 - -4) - 6 - -8?
-7
What is 3 - 5 - (52 + -19 - 37)?
2
Evaluate -12 - (-2 - (-8 - ((-8 - -3) + 2))).
-15
What is the value of (13 - 9) + (-4 - (2 + 2)) + 4?
0
Calculate 7 - (2 - (12 - 1 - (0 - -1))).
15
(35 - 61) + 6 - -36
16
21 + -4 + 34 + -52
-1
Evaluate (-8 - -19 - 26 - 1) + 1 + -5.
-20
What is 12 + 8 + 0 + -17?
3
What is the value of -20 - 4 - ((2 - 7) + (18 - 18))?
-19
Evaluate -40 + (-34 - -3 - -47).
-24
36 - (-23 + (17 - -33))
9
7 + (-9 - -6) + (32 - 19)
17
What is (4 + -4 - (-2 - 1)) + 2 + -5?
0
Calculate -15 + 26 - -17 - 6.
22
What is the value of -15 + -2 - -1 - -5?
-11
What is -961 + 983 + (1 - 23)?
0
-12 + 17 - 6 - (-4 - -4 - 4)
3
What is the value of 6 - (-18 - (-59 - -25))?
-10
Calculate -5 - ((12 - 7 - -2) + -18) - 4.
2
Evaluate (7 - ((-9 - 0) + 6 + -3)) + -4.
9
Calculate 2 - (-7 + -5 + 7 - (0 + 7)).
14
What is the value of 10 + (4 - 16) + 0?
-2
(3 + -9 - (-42 + 37)) + -21
-22
What is the value of (-1 - 8 - (30 + -39)) + (0 - -2)?
2
What is the value of (-13 - -9 - 0) + -6 + 1?
-9
What is -16 - (8 + 1 - (9 + 12 + -15))?
-19
Calculate (27 - 4 - 42) + -4.
-23
-4 + -44 - (-150 - -124)
-22
Evaluate -22 + 10 + 40 - 12.
16
What is 5 - (9 + 1 - (52 + -18 - 24))?
5
What is (6 - (1 + -2)) + (-13 - (9 - 25))?
10
Calculate (-1 - 5) + -555 + 557.
-4
Calculate -32 + 24 + -2 + (-2 - (0 - 1)).
-11
Evaluate 0 + (30 + -23 - ((-5 - -7) + -3)).
8
What is the value of -110 + 127 - (2 - -14)?
1
(5 - (12 - (7 + (-8 - -9)))) + 19
20
Evaluate (-1 + 21 + 4 - 9) + -6.
9
What is (-19 - -53 - 17) + -11?
6
Calculate (51 - 44) + -2 + 8 + 3.
16
What is (3 + -7 - -12) + (-37 - (-1 - -2))?
-30
What is the value of (9 - (5 + -4)) + (60 - 50)?
18
What is (15 - -20 - 13) + 0?
22
2 - ((-6 - (-1 + -8)) + 4)
-5
Calculate 0 - (9 - -8 - -12) - 6.
-35
What is the value of (22 - -12 - 19) + (0 - (6 + -1))?
10
What is 2 + -5 + (1 + -1 - -14)?
11
What is the value of -2 + 1 - (-6 - 1) - (-1474 + 1480)?
0
Evaluate (-8 - (0 + -5 + -5 + -6)) + 7.
15
What is the value of 13 + -20 + 4 + -3 + -3?
-9
What is the value of 136 + -143 + -1 + 11?
3
Calculate 10 + -13 + 19 + -3.
13
What is -59 - -64 - (-1 + 10)?
-4
3 + (0 + 5 - (75 + -78))
11
Calculate -2 - 23 - -2 - (-12 + -7 + 15).
-19
3 - 1 - -4 - (-77 - -101)
-18
Calculate 21 + (11 - (14 - -9)).
9
What is the value of -7 + (-7 + 9 - -10) + 1 + -4?
2
What is the value of -10 + (-12 + 43 - 16)?
5
-36 + 42 - (16 - 3)
-7
What is the value of (-35 - (-40 + 17)) + 41?
29
Evaluate (1 - -10) + 11 + (-49 - -31).
4
Evaluate 2 - 6 - (13 - 3).
-14
What is -8 + 14 - (-1 - -2) - (-1 + -1)?
7
Evaluate -6 + 10 + -12 + 11.
3
Evaluate (85 - 33 - 28) + (0 - 3).
21
Calculate -5 + 31 + -36 - (1 + 5).
-16
Evaluate (-2 - 12 - -7) + 30.
23
What is the value of -4 - (29 + -52 + 13)?
6
Calculate -16 + (3 + 1 - 2 - (-2 + 0)).
-12
What is the value of 11 - (6 + -11 + 17)?
-1
Calculate (17 + -6 - 9) + -16 - -2.
-12
Evaluate 0 - (10 - 17) - (4 + 0 - 9).
12
141 + -131 - (1 + -16)
25
Evaluate -13 - (5 + (-6 - -15) - 38).
11
-2 + (24 + -20 - (-2 + (-3 - 2)))
9
What is 1 + 6 - (2 - (-3 - -1 - -5))?
8
(23 - 3) + -10 + -9
1
What is the value of 3 + 27 + -19 + -29?
-18
Calculate 1 + 1 - (39 - (25 + 6)).
-6
What is the value of -3 - (-9 + (5 - 2 - 0) + -5)?
8
Evaluate -17 + 9 + -6 - (1 + -1 + -2).
-12
Evaluate -5 + (-2 - -1) + 36 + -101 + 57.
-14
What is the value of (1 - 1) + 4 + 1 - (120 + -116)?
1
Evaluate (-3 - (-1 + -6)) + (-14 - (4 + -31)).
17
Evaluate 14 + (-7 - 0 - -1) + (2 - 4).
6
Evaluate 9 + (-7 + 4 - -3) + -2 + -8.
-1
Evaluate (-1 - (0 - -1)) + 8 + (-8 - -25).
23
What is -4 - (9 + (-30 - -16) - 18)?
19
What is the value of 12 + 1 - (-32 + -10 - -58)?
-3
Evaluate 0 + 15 - -8 - 14.
9
Calculate (-1 - 21) + (-19 - (-58 + 27)).
-10
Evaluate -16 + 26 + 10 + -6.
14
Calculate -16 + 11 + -12 + 5.
-12
-13 + 1 + -9 + 6
-15
Calculate -7 + (3 - (-19 + 10)) + 6.
11
Calculate 6 + (0 + (-1 - -5) - 6) + -2.
2
Calculate 2 - -3